{"id":155938,"date":"2026-03-08T14:20:22","date_gmt":"2026-03-08T13:20:22","guid":{"rendered":"https:\/\/www.lookforward.at\/?post_type=product&#038;p=155938"},"modified":"2026-04-28T20:23:19","modified_gmt":"2026-04-28T18:23:19","slug":"eb01-skinny-jeans-grau-2","status":"publish","type":"product","link":"https:\/\/www.lookforward.at\/en\/produkt\/eb01-skinny-jeans-grau-2\/","title":{"rendered":"EB01 Skinny Jeans \u2013 Grau"},"content":{"rendered":"","protected":false},"excerpt":{"rendered":"<p><b>EB01 Skinny Jeans \u2013 Grau<\/b><\/p>\n<p>Softe Farben.<\/p>\n<p>Starke Haltung.<\/p>\n<p>F\u00fcr Frauen, die f\u00fchlen, sprechen und ihr Herz nicht kleiner machen.<\/p>\n<p>Diese graue Skinny Jeans ist ein vielseitiger Allrounder f\u00fcr jeden Tag. Der schmale Schnitt und der moderne, leicht ausgefranste Saum sorgen f\u00fcr einen l\u00e4ssigen und gleichzeitig femininen Look.<\/p>\n<p><b>Eigenschaften<\/b><\/p>\n<p>Erh\u00e4ltlich von 34 -42<span class=\"Apple-converted-space\">\u00a0<\/span><\/p>\n<p>\u2022 Farbe: Grau<\/p>\n<p>\u2022 Skinny Fit \/ schmal geschnitten<\/p>\n<p>\u2022 Moderner, leicht ausgefranster Saum<\/p>\n<p>\u2022 Klassisches 5-Pocket-Design<\/p>\n<p>\u2022 Made in Italy<\/p>\n<p>\u2022 Pflegehinweis: Waschbar auf 30 Grad \ud83c\udf38<\/p>\n","protected":false},"featured_media":155824,"template":"","meta":{"inline_featured_image":false},"product_brand":[],"product_cat":[499,500,48],"product_tag":[],"class_list":{"0":"post-155938","1":"product","2":"type-product","3":"status-publish","4":"has-post-thumbnail","6":"product_cat-fruehling-2026","7":"product_cat-soft-candy-colour-kollektion","8":"product_cat-hosen","10":"first","11":"onbackorder","12":"taxable","13":"shipping-taxable","14":"purchasable","15":"product-type-variable"},"bundled_by":[],"bundle_stock_status":"onbackorder","bundle_stock_quantity":null,"bundle_virtual":false,"bundle_layout":"","bundle_add_to_cart_form_location":"","bundle_editable_in_cart":false,"bundle_sold_individually_context":"","bundle_item_grouping":"","bundle_min_size":"","bundle_max_size":"","bundle_price":[],"bundled_items":[],"bundle_sell_ids":[],"yoast_head":"<!-- This site is optimized with the Yoast SEO plugin v26.5 - https:\/\/yoast.com\/wordpress\/plugins\/seo\/ -->\n<title>EB01 Skinny Jeans \u2013 Grau<\/title>\n<meta name=\"robots\" content=\"index, follow, max-snippet:-1, max-image-preview:large, max-video-preview:-1\" \/>\n<link rel=\"canonical\" href=\"https:\/\/www.lookforward.at\/en\/produkt\/eb01-skinny-jeans-grau-2\/\" \/>\n<meta property=\"og:locale\" content=\"en_US\" \/>\n<meta property=\"og:locale:alternate\" content=\"de_DE\" \/>\n<meta property=\"og:type\" content=\"article\" \/>\n<meta property=\"og:title\" content=\"EB01 Skinny Jeans \u2013 Grau\" \/>\n<meta property=\"og:description\" content=\"EB01 Skinny Jeans \u2013 Grau  Softe Farben.  Starke Haltung.  F\u00fcr Frauen, die f\u00fchlen, sprechen und ihr Herz nicht kleiner machen.  Diese graue Skinny Jeans ist ein vielseitiger Allrounder f\u00fcr jeden Tag. Der schmale Schnitt und der moderne, leicht ausgefranste Saum sorgen f\u00fcr einen l\u00e4ssigen und gleichzeitig femininen Look.  Eigenschaften  Erh\u00e4ltlich von 34 -42\u00a0  \u2022 Farbe: Grau  \u2022 Skinny Fit \/ schmal geschnitten  \u2022 Moderner, leicht ausgefranster Saum  \u2022 Klassisches 5-Pocket-Design  \u2022 Made in Italy  \u2022 Pflegehinweis: Waschbar auf 30 Grad \ud83c\udf38\" \/>\n<meta property=\"og:url\" content=\"https:\/\/www.lookforward.at\/en\/produkt\/eb01-skinny-jeans-grau-2\/\" \/>\n<meta property=\"og:site_name\" content=\"lookforward Shop\" \/>\n<meta property=\"article:modified_time\" content=\"2026-04-28T18:23:19+00:00\" \/>\n<meta property=\"og:image\" content=\"https:\/\/www.lookforward.at\/wp-content\/uploads\/2026\/03\/IMG_2182-scaled.jpg\" \/>\n\t<meta property=\"og:image:width\" content=\"1920\" \/>\n\t<meta property=\"og:image:height\" content=\"2560\" \/>\n\t<meta property=\"og:image:type\" content=\"image\/jpeg\" \/>\n<meta name=\"twitter:card\" content=\"summary_large_image\" \/>\n<meta name=\"twitter:label1\" content=\"Est. reading time\" \/>\n\t<meta name=\"twitter:data1\" content=\"1 minute\" \/>\n<script type=\"application\/ld+json\" class=\"yoast-schema-graph\">{\"@context\":\"https:\/\/schema.org\",\"@graph\":[{\"@type\":\"WebPage\",\"@id\":\"https:\/\/www.lookforward.at\/produkt\/eb01-skinny-jeans-grau-2\/\",\"url\":\"https:\/\/www.lookforward.at\/produkt\/eb01-skinny-jeans-grau-2\/\",\"name\":\"EB01 Skinny Jeans \u2013 Grau\",\"isPartOf\":{\"@id\":\"https:\/\/www.lookforward.at\/#website\"},\"primaryImageOfPage\":{\"@id\":\"https:\/\/www.lookforward.at\/produkt\/eb01-skinny-jeans-grau-2\/#primaryimage\"},\"image\":{\"@id\":\"https:\/\/www.lookforward.at\/produkt\/eb01-skinny-jeans-grau-2\/#primaryimage\"},\"thumbnailUrl\":\"https:\/\/www.lookforward.at\/wp-content\/uploads\/2026\/03\/IMG_2182-scaled.jpg\",\"datePublished\":\"2026-03-08T13:20:22+00:00\",\"dateModified\":\"2026-04-28T18:23:19+00:00\",\"breadcrumb\":{\"@id\":\"https:\/\/www.lookforward.at\/produkt\/eb01-skinny-jeans-grau-2\/#breadcrumb\"},\"inLanguage\":\"en-US\",\"potentialAction\":[{\"@type\":\"ReadAction\",\"target\":[\"https:\/\/www.lookforward.at\/produkt\/eb01-skinny-jeans-grau-2\/\"]}]},{\"@type\":\"ImageObject\",\"inLanguage\":\"en-US\",\"@id\":\"https:\/\/www.lookforward.at\/produkt\/eb01-skinny-jeans-grau-2\/#primaryimage\",\"url\":\"https:\/\/www.lookforward.at\/wp-content\/uploads\/2026\/03\/IMG_2182-scaled.jpg\",\"contentUrl\":\"https:\/\/www.lookforward.at\/wp-content\/uploads\/2026\/03\/IMG_2182-scaled.jpg\",\"width\":1920,\"height\":2560},{\"@type\":\"BreadcrumbList\",\"@id\":\"https:\/\/www.lookforward.at\/produkt\/eb01-skinny-jeans-grau-2\/#breadcrumb\",\"itemListElement\":[{\"@type\":\"ListItem\",\"position\":1,\"name\":\"Startseite\",\"item\":\"https:\/\/www.lookforward.at\/\"},{\"@type\":\"ListItem\",\"position\":2,\"name\":\"Shop\",\"item\":\"https:\/\/www.lookforward.at\/shop\/\"},{\"@type\":\"ListItem\",\"position\":3,\"name\":\"EB01 Skinny Jeans \u2013 Grau\"}]},{\"@type\":\"WebSite\",\"@id\":\"https:\/\/www.lookforward.at\/#website\",\"url\":\"https:\/\/www.lookforward.at\/\",\"name\":\"lookforward Shop\",\"description\":\"Der neue Shop f\u00fcr Fashion, Lifestyle, Family, Food and Beauty.\",\"publisher\":{\"@id\":\"https:\/\/www.lookforward.at\/#organization\"},\"potentialAction\":[{\"@type\":\"SearchAction\",\"target\":{\"@type\":\"EntryPoint\",\"urlTemplate\":\"https:\/\/www.lookforward.at\/?s={search_term_string}\"},\"query-input\":{\"@type\":\"PropertyValueSpecification\",\"valueRequired\":true,\"valueName\":\"search_term_string\"}}],\"inLanguage\":\"en-US\"},{\"@type\":\"Organization\",\"@id\":\"https:\/\/www.lookforward.at\/#organization\",\"name\":\"KB lookforward\",\"url\":\"https:\/\/www.lookforward.at\/\",\"logo\":{\"@type\":\"ImageObject\",\"inLanguage\":\"en-US\",\"@id\":\"https:\/\/www.lookforward.at\/#\/schema\/logo\/image\/\",\"url\":\"https:\/\/www.lookforward.at\/wp-content\/uploads\/2023\/10\/Icon-KB.svg\",\"contentUrl\":\"https:\/\/www.lookforward.at\/wp-content\/uploads\/2023\/10\/Icon-KB.svg\",\"caption\":\"KB lookforward\"},\"image\":{\"@id\":\"https:\/\/www.lookforward.at\/#\/schema\/logo\/image\/\"}}]}<\/script>\n<!-- \/ Yoast SEO plugin. -->","yoast_head_json":{"title":"EB01 Skinny Jeans \u2013 Grau","robots":{"index":"index","follow":"follow","max-snippet":"max-snippet:-1","max-image-preview":"max-image-preview:large","max-video-preview":"max-video-preview:-1"},"canonical":"https:\/\/www.lookforward.at\/en\/produkt\/eb01-skinny-jeans-grau-2\/","og_locale":"en_US","og_type":"article","og_title":"[:de]EB01 Skinny Jeans \u2013 Grau[:] - lookforward Shop","og_description":"EB01 Skinny Jeans \u2013 Grau  Softe Farben.  Starke Haltung.  F\u00fcr Frauen, die f\u00fchlen, sprechen und ihr Herz nicht kleiner machen.  Diese graue Skinny Jeans ist ein vielseitiger Allrounder f\u00fcr jeden Tag. Der schmale Schnitt und der moderne, leicht ausgefranste Saum sorgen f\u00fcr einen l\u00e4ssigen und gleichzeitig femininen Look.  Eigenschaften  Erh\u00e4ltlich von 34 -42\u00a0  \u2022 Farbe: Grau  \u2022 Skinny Fit \/ schmal geschnitten  \u2022 Moderner, leicht ausgefranster Saum  \u2022 Klassisches 5-Pocket-Design  \u2022 Made in Italy  \u2022 Pflegehinweis: Waschbar auf 30 Grad \ud83c\udf38","og_url":"https:\/\/www.lookforward.at\/en\/produkt\/eb01-skinny-jeans-grau-2\/","og_site_name":"lookforward Shop","article_modified_time":"2026-04-28T18:23:19+00:00","og_image":[{"width":1920,"height":2560,"url":"https:\/\/www.lookforward.at\/wp-content\/uploads\/2026\/03\/IMG_2182-scaled.jpg","type":"image\/jpeg"}],"twitter_card":"summary_large_image","twitter_misc":{"Est. reading time":"1 minute"},"schema":{"@context":"https:\/\/schema.org","@graph":[{"@type":"WebPage","@id":"https:\/\/www.lookforward.at\/produkt\/eb01-skinny-jeans-grau-2\/","url":"https:\/\/www.lookforward.at\/produkt\/eb01-skinny-jeans-grau-2\/","name":"EB01 Skinny Jeans \u2013 Grau","isPartOf":{"@id":"https:\/\/www.lookforward.at\/#website"},"primaryImageOfPage":{"@id":"https:\/\/www.lookforward.at\/produkt\/eb01-skinny-jeans-grau-2\/#primaryimage"},"image":{"@id":"https:\/\/www.lookforward.at\/produkt\/eb01-skinny-jeans-grau-2\/#primaryimage"},"thumbnailUrl":"https:\/\/www.lookforward.at\/wp-content\/uploads\/2026\/03\/IMG_2182-scaled.jpg","datePublished":"2026-03-08T13:20:22+00:00","dateModified":"2026-04-28T18:23:19+00:00","breadcrumb":{"@id":"https:\/\/www.lookforward.at\/produkt\/eb01-skinny-jeans-grau-2\/#breadcrumb"},"inLanguage":"en-US","potentialAction":[{"@type":"ReadAction","target":["https:\/\/www.lookforward.at\/produkt\/eb01-skinny-jeans-grau-2\/"]}]},{"@type":"ImageObject","inLanguage":"en-US","@id":"https:\/\/www.lookforward.at\/produkt\/eb01-skinny-jeans-grau-2\/#primaryimage","url":"https:\/\/www.lookforward.at\/wp-content\/uploads\/2026\/03\/IMG_2182-scaled.jpg","contentUrl":"https:\/\/www.lookforward.at\/wp-content\/uploads\/2026\/03\/IMG_2182-scaled.jpg","width":1920,"height":2560},{"@type":"BreadcrumbList","@id":"https:\/\/www.lookforward.at\/produkt\/eb01-skinny-jeans-grau-2\/#breadcrumb","itemListElement":[{"@type":"ListItem","position":1,"name":"Startseite","item":"https:\/\/www.lookforward.at\/"},{"@type":"ListItem","position":2,"name":"Shop","item":"https:\/\/www.lookforward.at\/shop\/"},{"@type":"ListItem","position":3,"name":"EB01 Skinny Jeans \u2013 Grau"}]},{"@type":"WebSite","@id":"https:\/\/www.lookforward.at\/#website","url":"https:\/\/www.lookforward.at\/","name":"lookforward Shop","description":"Der neue Shop f\u00fcr Fashion, Lifestyle, Family, Food and Beauty.","publisher":{"@id":"https:\/\/www.lookforward.at\/#organization"},"potentialAction":[{"@type":"SearchAction","target":{"@type":"EntryPoint","urlTemplate":"https:\/\/www.lookforward.at\/?s={search_term_string}"},"query-input":{"@type":"PropertyValueSpecification","valueRequired":true,"valueName":"search_term_string"}}],"inLanguage":"en-US"},{"@type":"Organization","@id":"https:\/\/www.lookforward.at\/#organization","name":"KB lookforward","url":"https:\/\/www.lookforward.at\/","logo":{"@type":"ImageObject","inLanguage":"en-US","@id":"https:\/\/www.lookforward.at\/#\/schema\/logo\/image\/","url":"https:\/\/www.lookforward.at\/wp-content\/uploads\/2023\/10\/Icon-KB.svg","contentUrl":"https:\/\/www.lookforward.at\/wp-content\/uploads\/2023\/10\/Icon-KB.svg","caption":"KB lookforward"},"image":{"@id":"https:\/\/www.lookforward.at\/#\/schema\/logo\/image\/"}}]}},"_links":{"self":[{"href":"https:\/\/www.lookforward.at\/en\/wp-json\/wp\/v2\/product\/155938","targetHints":{"allow":["GET"]}}],"collection":[{"href":"https:\/\/www.lookforward.at\/en\/wp-json\/wp\/v2\/product"}],"about":[{"href":"https:\/\/www.lookforward.at\/en\/wp-json\/wp\/v2\/types\/product"}],"wp:featuredmedia":[{"embeddable":true,"href":"https:\/\/www.lookforward.at\/en\/wp-json\/wp\/v2\/media\/155824"}],"wp:attachment":[{"href":"https:\/\/www.lookforward.at\/en\/wp-json\/wp\/v2\/media?parent=155938"}],"wp:term":[{"taxonomy":"product_brand","embeddable":true,"href":"https:\/\/www.lookforward.at\/en\/wp-json\/wp\/v2\/product_brand?post=155938"},{"taxonomy":"product_cat","embeddable":true,"href":"https:\/\/www.lookforward.at\/en\/wp-json\/wp\/v2\/product_cat?post=155938"},{"taxonomy":"product_tag","embeddable":true,"href":"https:\/\/www.lookforward.at\/en\/wp-json\/wp\/v2\/product_tag?post=155938"}],"curies":[{"name":"wp","href":"https:\/\/api.w.org\/{rel}","templated":true}]}}

<p><b>EB01 Skinny Jeans – Grau</b></p>
<p>Softe Farben.</p>
<p>Starke Haltung.</p>
<p>Für Frauen, die fühlen, sprechen und ihr Herz nicht kleiner machen.</p>
<p>Diese graue Skinny Jeans ist ein vielseitiger Allrounder für jeden Tag. Der schmale Schnitt und der moderne, leicht ausgefranste Saum sorgen für einen lässigen und gleichzeitig femininen Look.</p>
<p><b>Eigenschaften</b></p>
<p>Erhältlich von 34 -42<span class="Apple-converted-space"> </span></p>
<p>• Farbe: Grau</p>
<p>• Skinny Fit / schmal geschnitten</p>
<p>• Moderner, leicht ausgefranster Saum</p>
<p>• Klassisches 5-Pocket-Design</p>
<p>• Made in Italy</p>
<p>• Pflegehinweis: Waschbar auf 30 Grad 🌸</p>

<!-- This site is optimized with the Yoast SEO plugin v26.5 - https://yoast.com/wordpress/plugins/seo/ -->
<title>EB01 Skinny Jeans – Grau</title>
<meta name="robots" content="index, follow, max-snippet:-1, max-image-preview:large, max-video-preview:-1" />
<link rel="canonical" href="https://www.lookforward.at/en/produkt/eb01-skinny-jeans-grau-2/" />
<meta property="og:locale" content="en_US" />
<meta property="og:locale:alternate" content="de_DE" />
<meta property="og:type" content="article" />
<meta property="og:title" content="EB01 Skinny Jeans – Grau" />
<meta property="og:description" content="EB01 Skinny Jeans – Grau  Softe Farben.  Starke Haltung.  Für Frauen, die fühlen, sprechen und ihr Herz nicht kleiner machen.  Diese graue Skinny Jeans ist ein vielseitiger Allrounder für jeden Tag. Der schmale Schnitt und der moderne, leicht ausgefranste Saum sorgen für einen lässigen und gleichzeitig femininen Look.  Eigenschaften  Erhältlich von 34 -42   • Farbe: Grau  • Skinny Fit / schmal geschnitten  • Moderner, leicht ausgefranster Saum  • Klassisches 5-Pocket-Design  • Made in Italy  • Pflegehinweis: Waschbar auf 30 Grad 🌸" />
<meta property="og:url" content="https://www.lookforward.at/en/produkt/eb01-skinny-jeans-grau-2/" />
<meta property="og:site_name" content="lookforward Shop" />
<meta property="article:modified_time" content="2026-04-28T18:23:19+00:00" />
<meta property="og:image" content="https://www.lookforward.at/wp-content/uploads/2026/03/IMG_2182-scaled.jpg" />
	<meta property="og:image:width" content="1920" />
	<meta property="og:image:height" content="2560" />
	<meta property="og:image:type" content="image/jpeg" />
<meta name="twitter:card" content="summary_large_image" />
<meta name="twitter:label1" content="Est. reading time" />
	<meta name="twitter:data1" content="1 minute" />
<script type="application/ld+json" class="yoast-schema-graph">{"@context":"https://schema.org","@graph":[{"@type":"WebPage","@id":"https://www.lookforward.at/produkt/eb01-skinny-jeans-grau-2/","url":"https://www.lookforward.at/produkt/eb01-skinny-jeans-grau-2/","name":"EB01 Skinny Jeans – Grau","isPartOf":{"@id":"https://www.lookforward.at/#website"},"primaryImageOfPage":{"@id":"https://www.lookforward.at/produkt/eb01-skinny-jeans-grau-2/#primaryimage"},"image":{"@id":"https://www.lookforward.at/produkt/eb01-skinny-jeans-grau-2/#primaryimage"},"thumbnailUrl":"https://www.lookforward.at/wp-content/uploads/2026/03/IMG_2182-scaled.jpg","datePublished":"2026-03-08T13:20:22+00:00","dateModified":"2026-04-28T18:23:19+00:00","breadcrumb":{"@id":"https://www.lookforward.at/produkt/eb01-skinny-jeans-grau-2/#breadcrumb"},"inLanguage":"en-US","potentialAction":[{"@type":"ReadAction","target":["https://www.lookforward.at/produkt/eb01-skinny-jeans-grau-2/"]}]},{"@type":"ImageObject","inLanguage":"en-US","@id":"https://www.lookforward.at/produkt/eb01-skinny-jeans-grau-2/#primaryimage","url":"https://www.lookforward.at/wp-content/uploads/2026/03/IMG_2182-scaled.jpg","contentUrl":"https://www.lookforward.at/wp-content/uploads/2026/03/IMG_2182-scaled.jpg","width":1920,"height":2560},{"@type":"BreadcrumbList","@id":"https://www.lookforward.at/produkt/eb01-skinny-jeans-grau-2/#breadcrumb","itemListElement":[{"@type":"ListItem","position":1,"name":"Startseite","item":"https://www.lookforward.at/"},{"@type":"ListItem","position":2,"name":"Shop","item":"https://www.lookforward.at/shop/"},{"@type":"ListItem","position":3,"name":"EB01 Skinny Jeans – Grau"}]},{"@type":"WebSite","@id":"https://www.lookforward.at/#website","url":"https://www.lookforward.at/","name":"lookforward Shop","description":"Der neue Shop für Fashion, Lifestyle, Family, Food and Beauty.","publisher":{"@id":"https://www.lookforward.at/#organization"},"potentialAction":[{"@type":"SearchAction","target":{"@type":"EntryPoint","urlTemplate":"https://www.lookforward.at/?s={search_term_string}"},"query-input":{"@type":"PropertyValueSpecification","valueRequired":true,"valueName":"search_term_string"}}],"inLanguage":"en-US"},{"@type":"Organization","@id":"https://www.lookforward.at/#organization","name":"KB lookforward","url":"https://www.lookforward.at/","logo":{"@type":"ImageObject","inLanguage":"en-US","@id":"https://www.lookforward.at/#/schema/logo/image/","url":"https://www.lookforward.at/wp-content/uploads/2023/10/Icon-KB.svg","contentUrl":"https://www.lookforward.at/wp-content/uploads/2023/10/Icon-KB.svg","caption":"KB lookforward"},"image":{"@id":"https://www.lookforward.at/#/schema/logo/image/"}}]}</script>
<!-- / Yoast SEO plugin. -->

EB01 Skinny Jeans – Grau  Softe Farben.  Starke Haltung.  Für Frauen, die fühlen, sprechen und ihr Herz nicht kleiner machen.  Diese graue Skinny Jeans ist ein vielseitiger Allrounder für jeden Tag. Der schmale Schnitt und der moderne, leicht ausgefranste Saum sorgen für einen lässigen und gleichzeitig femininen Look.  Eigenschaften  Erhältlich von 34 -42   • Farbe: Grau  • Skinny Fit / schmal geschnitten  • Moderner, leicht ausgefranster Saum  • Klassisches 5-Pocket-Design  • Made in Italy  • Pflegehinweis: Waschbar auf 30 Grad 🌸

Der neue Shop für Fashion, Lifestyle, Family, Food and Beauty.
